{"id":4103,"date":"2016-05-20T11:20:21","date_gmt":"2016-05-20T16:20:21","guid":{"rendered":"http:\/\/santistebanasociados.com\/web\/?page_id=4103"},"modified":"2016-05-20T12:26:12","modified_gmt":"2016-05-20T17:26:12","slug":"derecho-bancario-y-servicios-financieros","status":"publish","type":"page","link":"https:\/\/santistebanasociados.com\/web\/derecho-bancario-y-servicios-financieros\/","title":{"rendered":"Derecho Bancario y Servicios Financieros"},"content":{"rendered":"<p>[vc_row css=&#8221;.vc_custom_1463761384540{padding-right: 30px !important;}&#8221;][vc_column][vc_column_text]<\/p>\n<p style=\"text-align: justify;\"><img loading=\"lazy\" decoding=\"async\" class=\"size-medium wp-image-4104 alignleft\" src=\"http:\/\/santistebanasociados.com\/web\/wp-content\/uploads\/2016\/05\/derechofinanciero-216x300.jpg\" alt=\"derechofinanciero\" width=\"216\" height=\"300\" srcset=\"https:\/\/santistebanasociados.com\/web\/wp-content\/uploads\/2016\/05\/derechofinanciero-216x300.jpg 216w, https:\/\/santistebanasociados.com\/web\/wp-content\/uploads\/2016\/05\/derechofinanciero.jpg 500w\" sizes=\"auto, (max-width: 216px) 100vw, 216px\" \/>Ofrecemos asesor\u00eda en el \u00e1rea de servicios financieros, mercado de valores, etc.<\/p>\n<p style=\"text-align: justify;\">Representamos a nuestros clientes ante autoridades de gesti\u00f3n y control de la actividad bancaria y financiera, instituciones financieras nacionales e internacionales, agencias multilaterales de cr\u00e9dito, bancos de inversi\u00f3n, entre otros, en temas, tr\u00e1mites y reclamaciones vinculadas al derecho financiero y bancario.<\/p>\n<p style=\"text-align: justify;\">Asesoramos, estructuramos y elaboramos contratos financieros y bancarios como contratos de cr\u00e9dito, sindicaciones, financiaci\u00f3n de proyectos y otras operaciones financieras nacionales e internacionales.<\/p>\n<p>[\/vc_column_text][\/vc_column][\/vc_row]<\/p>\n","protected":false},"excerpt":{"rendered":"<p>[vc_row css=&#8221;.vc_custom_1463761384540{padding-right: 30px !important;}&#8221;][vc_column][vc_column_text] Ofrecemos asesor\u00eda en el \u00e1rea de servicios financieros, mercado de valores, etc. Representamos a nuestros clientes ante autoridades de gesti\u00f3n y control de la actividad bancaria y financiera, instituciones financieras nacionales e internacionales, agencias multilaterales de cr\u00e9dito, bancos de inversi\u00f3n, entre otros, en temas, tr\u00e1mites y reclamaciones vinculadas al derecho financiero [&hellip;]<\/p>\n","protected":false},"author":1,"featured_media":0,"parent":0,"menu_order":0,"comment_status":"closed","ping_status":"closed","template":"","meta":{"footnotes":""},"class_list":["post-4103","page","type-page","status-publish","hentry"],"yoast_head":"<!-- This site is optimized with the Yoast SEO plugin v22.1 - https:\/\/yoast.com\/wordpress\/plugins\/seo\/ -->\n<title>Derecho Bancario y Servicios Financieros - Santisteban &amp; Asociados<\/title>\n<meta name=\"robots\" content=\"noindex, follow, max-snippet:-1, max-image-preview:large, max-video-preview:-1\" \/>\n<meta property=\"og:locale\" content=\"es_ES\" \/>\n<meta property=\"og:type\" content=\"article\" \/>\n<meta property=\"og:title\" content=\"Derecho Bancario y Servicios Financieros - Santisteban &amp; Asociados\" \/>\n<meta property=\"og:description\" content=\"[vc_row css=&#8221;.vc_custom_1463761384540{padding-right: 30px !important;}&#8221;][vc_column][vc_column_text] Ofrecemos asesor\u00eda en el \u00e1rea de servicios financieros, mercado de valores, etc. Representamos a nuestros clientes ante autoridades de gesti\u00f3n y control de la actividad bancaria y financiera, instituciones financieras nacionales e internacionales, agencias multilaterales de cr\u00e9dito, bancos de inversi\u00f3n, entre otros, en temas, tr\u00e1mites y reclamaciones vinculadas al derecho financiero [&hellip;]\" \/>\n<meta property=\"og:url\" content=\"https:\/\/santistebanasociados.com\/web\/derecho-bancario-y-servicios-financieros\/\" \/>\n<meta property=\"og:site_name\" content=\"Santisteban &amp; Asociados\" \/>\n<meta property=\"article:modified_time\" content=\"2016-05-20T17:26:12+00:00\" \/>\n<meta property=\"og:image\" content=\"http:\/\/santistebanasociados.com\/web\/wp-content\/uploads\/2016\/05\/derechofinanciero-216x300.jpg\" \/>\n<meta name=\"twitter:card\" content=\"summary_large_image\" \/>\n<meta name=\"twitter:label1\" content=\"Est. reading time\" \/>\n\t<meta name=\"twitter:data1\" content=\"1 minute\" \/>\n<script type=\"application\/ld+json\" class=\"yoast-schema-graph\">{\"@context\":\"https:\/\/schema.org\",\"@graph\":[{\"@type\":\"WebPage\",\"@id\":\"https:\/\/santistebanasociados.com\/web\/derecho-bancario-y-servicios-financieros\/\",\"url\":\"https:\/\/santistebanasociados.com\/web\/derecho-bancario-y-servicios-financieros\/\",\"name\":\"Derecho Bancario y Servicios Financieros - Santisteban &amp; Asociados\",\"isPartOf\":{\"@id\":\"https:\/\/santistebanasociados.com\/web\/#website\"},\"datePublished\":\"2016-05-20T16:20:21+00:00\",\"dateModified\":\"2016-05-20T17:26:12+00:00\",\"breadcrumb\":{\"@id\":\"https:\/\/santistebanasociados.com\/web\/derecho-bancario-y-servicios-financieros\/#breadcrumb\"},\"inLanguage\":\"es-ES\",\"potentialAction\":[{\"@type\":\"ReadAction\",\"target\":[\"https:\/\/santistebanasociados.com\/web\/derecho-bancario-y-servicios-financieros\/\"]}]},{\"@type\":\"BreadcrumbList\",\"@id\":\"https:\/\/santistebanasociados.com\/web\/derecho-bancario-y-servicios-financieros\/#breadcrumb\",\"itemListElement\":[{\"@type\":\"ListItem\",\"position\":1,\"name\":\"Portada\",\"item\":\"https:\/\/santistebanasociados.com\/web\/\"},{\"@type\":\"ListItem\",\"position\":2,\"name\":\"Derecho Bancario y Servicios Financieros\"}]},{\"@type\":\"WebSite\",\"@id\":\"https:\/\/santistebanasociados.com\/web\/#website\",\"url\":\"https:\/\/santistebanasociados.com\/web\/\",\"name\":\"Santisteban &amp; Asociados\",\"description\":\"Servicios Legales Corporativos\",\"potentialAction\":[{\"@type\":\"SearchAction\",\"target\":{\"@type\":\"EntryPoint\",\"urlTemplate\":\"https:\/\/santistebanasociados.com\/web\/?s={search_term_string}\"},\"query-input\":\"required name=search_term_string\"}],\"inLanguage\":\"es-ES\"}]}<\/script>\n<!-- \/ Yoast SEO plugin. -->","yoast_head_json":{"title":"Derecho Bancario y Servicios Financieros - Santisteban &amp; Asociados","robots":{"index":"noindex","follow":"follow","max-snippet":"max-snippet:-1","max-image-preview":"max-image-preview:large","max-video-preview":"max-video-preview:-1"},"og_locale":"es_ES","og_type":"article","og_title":"Derecho Bancario y Servicios Financieros - Santisteban &amp; Asociados","og_description":"[vc_row css=&#8221;.vc_custom_1463761384540{padding-right: 30px !important;}&#8221;][vc_column][vc_column_text] Ofrecemos asesor\u00eda en el \u00e1rea de servicios financieros, mercado de valores, etc. Representamos a nuestros clientes ante autoridades de gesti\u00f3n y control de la actividad bancaria y financiera, instituciones financieras nacionales e internacionales, agencias multilaterales de cr\u00e9dito, bancos de inversi\u00f3n, entre otros, en temas, tr\u00e1mites y reclamaciones vinculadas al derecho financiero [&hellip;]","og_url":"https:\/\/santistebanasociados.com\/web\/derecho-bancario-y-servicios-financieros\/","og_site_name":"Santisteban &amp; Asociados","article_modified_time":"2016-05-20T17:26:12+00:00","og_image":[{"url":"http:\/\/santistebanasociados.com\/web\/wp-content\/uploads\/2016\/05\/derechofinanciero-216x300.jpg"}],"twitter_card":"summary_large_image","twitter_misc":{"Est. reading time":"1 minute"},"schema":{"@context":"https:\/\/schema.org","@graph":[{"@type":"WebPage","@id":"https:\/\/santistebanasociados.com\/web\/derecho-bancario-y-servicios-financieros\/","url":"https:\/\/santistebanasociados.com\/web\/derecho-bancario-y-servicios-financieros\/","name":"Derecho Bancario y Servicios Financieros - Santisteban &amp; Asociados","isPartOf":{"@id":"https:\/\/santistebanasociados.com\/web\/#website"},"datePublished":"2016-05-20T16:20:21+00:00","dateModified":"2016-05-20T17:26:12+00:00","breadcrumb":{"@id":"https:\/\/santistebanasociados.com\/web\/derecho-bancario-y-servicios-financieros\/#breadcrumb"},"inLanguage":"es-ES","potentialAction":[{"@type":"ReadAction","target":["https:\/\/santistebanasociados.com\/web\/derecho-bancario-y-servicios-financieros\/"]}]},{"@type":"BreadcrumbList","@id":"https:\/\/santistebanasociados.com\/web\/derecho-bancario-y-servicios-financieros\/#breadcrumb","itemListElement":[{"@type":"ListItem","position":1,"name":"Portada","item":"https:\/\/santistebanasociados.com\/web\/"},{"@type":"ListItem","position":2,"name":"Derecho Bancario y Servicios Financieros"}]},{"@type":"WebSite","@id":"https:\/\/santistebanasociados.com\/web\/#website","url":"https:\/\/santistebanasociados.com\/web\/","name":"Santisteban &amp; Asociados","description":"Servicios Legales Corporativos","potentialAction":[{"@type":"SearchAction","target":{"@type":"EntryPoint","urlTemplate":"https:\/\/santistebanasociados.com\/web\/?s={search_term_string}"},"query-input":"required name=search_term_string"}],"inLanguage":"es-ES"}]}},"_links":{"self":[{"href":"https:\/\/santistebanasociados.com\/web\/wp-json\/wp\/v2\/pages\/4103","targetHints":{"allow":["GET"]}}],"collection":[{"href":"https:\/\/santistebanasociados.com\/web\/wp-json\/wp\/v2\/pages"}],"about":[{"href":"https:\/\/santistebanasociados.com\/web\/wp-json\/wp\/v2\/types\/page"}],"author":[{"embeddable":true,"href":"https:\/\/santistebanasociados.com\/web\/wp-json\/wp\/v2\/users\/1"}],"replies":[{"embeddable":true,"href":"https:\/\/santistebanasociados.com\/web\/wp-json\/wp\/v2\/comments?post=4103"}],"version-history":[{"count":3,"href":"https:\/\/santistebanasociados.com\/web\/wp-json\/wp\/v2\/pages\/4103\/revisions"}],"predecessor-version":[{"id":4107,"href":"https:\/\/santistebanasociados.com\/web\/wp-json\/wp\/v2\/pages\/4103\/revisions\/4107"}],"wp:attachment":[{"href":"https:\/\/santistebanasociados.com\/web\/wp-json\/wp\/v2\/media?parent=4103"}],"curies":[{"name":"wp","href":"https:\/\/api.w.org\/{rel}","templated":true}]}}