{"id":4134,"date":"2016-05-20T12:04:20","date_gmt":"2016-05-20T17:04:20","guid":{"rendered":"http:\/\/santistebanasociados.com\/web\/?page_id=4134"},"modified":"2016-05-25T10:24:46","modified_gmt":"2016-05-25T15:24:46","slug":"derecho-de-los-seguros","status":"publish","type":"page","link":"https:\/\/santistebanasociados.com\/web\/derecho-de-los-seguros\/","title":{"rendered":"Derecho de los Seguros"},"content":{"rendered":"<p>[vc_row css=&#8221;.vc_custom_1464189876042{padding-right: 30px !important;}&#8221;][vc_column][vc_column_text]<\/p>\n<p style=\"text-align: justify;\"><img loading=\"lazy\" decoding=\"async\" class=\"size-medium wp-image-4135 alignleft\" src=\"http:\/\/santistebanasociados.com\/web\/wp-content\/uploads\/2016\/05\/seguros-300x200.jpg\" alt=\"seguros\" width=\"300\" height=\"200\" srcset=\"https:\/\/santistebanasociados.com\/web\/wp-content\/uploads\/2016\/05\/seguros-300x200.jpg 300w, https:\/\/santistebanasociados.com\/web\/wp-content\/uploads\/2016\/05\/seguros.jpg 500w\" sizes=\"auto, (max-width: 300px) 100vw, 300px\" \/>Concepci\u00f3n, negociaci\u00f3n, renegociaci\u00f3n y ejecuci\u00f3n de contratos de seguros, asesor\u00eda integral y acompa\u00f1amiento especializado en materia de reclamaciones, siniestros y tr\u00e1mites ante compa\u00f1\u00edas de seguros, autoridades judiciales y administrativas.<\/p>\n<p>[\/vc_column_text][\/vc_column][\/vc_row]<\/p>\n","protected":false},"excerpt":{"rendered":"<p>[vc_row css=&#8221;.vc_custom_1464189876042{padding-right: 30px !important;}&#8221;][vc_column][vc_column_text] Concepci\u00f3n, negociaci\u00f3n, renegociaci\u00f3n y ejecuci\u00f3n de contratos de seguros, asesor\u00eda integral y acompa\u00f1amiento especializado en materia de reclamaciones, siniestros y tr\u00e1mites ante compa\u00f1\u00edas de seguros, autoridades judiciales y administrativas. [\/vc_column_text][\/vc_column][\/vc_row]<\/p>\n","protected":false},"author":1,"featured_media":0,"parent":0,"menu_order":0,"comment_status":"closed","ping_status":"closed","template":"","meta":{"footnotes":""},"class_list":["post-4134","page","type-page","status-publish","hentry"],"yoast_head":"<!-- This site is optimized with the Yoast SEO plugin v22.1 - https:\/\/yoast.com\/wordpress\/plugins\/seo\/ -->\n<title>Derecho de los Seguros - Santisteban &amp; Asociados<\/title>\n<meta name=\"robots\" content=\"noindex, follow, max-snippet:-1, max-image-preview:large, max-video-preview:-1\" \/>\n<meta property=\"og:locale\" content=\"es_ES\" \/>\n<meta property=\"og:type\" content=\"article\" \/>\n<meta property=\"og:title\" content=\"Derecho de los Seguros - Santisteban &amp; Asociados\" \/>\n<meta property=\"og:description\" content=\"[vc_row css=&#8221;.vc_custom_1464189876042{padding-right: 30px !important;}&#8221;][vc_column][vc_column_text] Concepci\u00f3n, negociaci\u00f3n, renegociaci\u00f3n y ejecuci\u00f3n de contratos de seguros, asesor\u00eda integral y acompa\u00f1amiento especializado en materia de reclamaciones, siniestros y tr\u00e1mites ante compa\u00f1\u00edas de seguros, autoridades judiciales y administrativas. [\/vc_column_text][\/vc_column][\/vc_row]\" \/>\n<meta property=\"og:url\" content=\"https:\/\/santistebanasociados.com\/web\/derecho-de-los-seguros\/\" \/>\n<meta property=\"og:site_name\" content=\"Santisteban &amp; Asociados\" \/>\n<meta property=\"article:modified_time\" content=\"2016-05-25T15:24:46+00:00\" \/>\n<meta property=\"og:image\" content=\"http:\/\/santistebanasociados.com\/web\/wp-content\/uploads\/2016\/05\/seguros-300x200.jpg\" \/>\n<meta name=\"twitter:card\" content=\"summary_large_image\" \/>\n<script type=\"application\/ld+json\" class=\"yoast-schema-graph\">{\"@context\":\"https:\/\/schema.org\",\"@graph\":[{\"@type\":\"WebPage\",\"@id\":\"https:\/\/santistebanasociados.com\/web\/derecho-de-los-seguros\/\",\"url\":\"https:\/\/santistebanasociados.com\/web\/derecho-de-los-seguros\/\",\"name\":\"Derecho de los Seguros - Santisteban &amp; Asociados\",\"isPartOf\":{\"@id\":\"https:\/\/santistebanasociados.com\/web\/#website\"},\"datePublished\":\"2016-05-20T17:04:20+00:00\",\"dateModified\":\"2016-05-25T15:24:46+00:00\",\"breadcrumb\":{\"@id\":\"https:\/\/santistebanasociados.com\/web\/derecho-de-los-seguros\/#breadcrumb\"},\"inLanguage\":\"es-ES\",\"potentialAction\":[{\"@type\":\"ReadAction\",\"target\":[\"https:\/\/santistebanasociados.com\/web\/derecho-de-los-seguros\/\"]}]},{\"@type\":\"BreadcrumbList\",\"@id\":\"https:\/\/santistebanasociados.com\/web\/derecho-de-los-seguros\/#breadcrumb\",\"itemListElement\":[{\"@type\":\"ListItem\",\"position\":1,\"name\":\"Portada\",\"item\":\"https:\/\/santistebanasociados.com\/web\/\"},{\"@type\":\"ListItem\",\"position\":2,\"name\":\"Derecho de los Seguros\"}]},{\"@type\":\"WebSite\",\"@id\":\"https:\/\/santistebanasociados.com\/web\/#website\",\"url\":\"https:\/\/santistebanasociados.com\/web\/\",\"name\":\"Santisteban &amp; Asociados\",\"description\":\"Servicios Legales Corporativos\",\"potentialAction\":[{\"@type\":\"SearchAction\",\"target\":{\"@type\":\"EntryPoint\",\"urlTemplate\":\"https:\/\/santistebanasociados.com\/web\/?s={search_term_string}\"},\"query-input\":\"required name=search_term_string\"}],\"inLanguage\":\"es-ES\"}]}<\/script>\n<!-- \/ Yoast SEO plugin. -->","yoast_head_json":{"title":"Derecho de los Seguros - Santisteban &amp; Asociados","robots":{"index":"noindex","follow":"follow","max-snippet":"max-snippet:-1","max-image-preview":"max-image-preview:large","max-video-preview":"max-video-preview:-1"},"og_locale":"es_ES","og_type":"article","og_title":"Derecho de los Seguros - Santisteban &amp; Asociados","og_description":"[vc_row css=&#8221;.vc_custom_1464189876042{padding-right: 30px !important;}&#8221;][vc_column][vc_column_text] Concepci\u00f3n, negociaci\u00f3n, renegociaci\u00f3n y ejecuci\u00f3n de contratos de seguros, asesor\u00eda integral y acompa\u00f1amiento especializado en materia de reclamaciones, siniestros y tr\u00e1mites ante compa\u00f1\u00edas de seguros, autoridades judiciales y administrativas. [\/vc_column_text][\/vc_column][\/vc_row]","og_url":"https:\/\/santistebanasociados.com\/web\/derecho-de-los-seguros\/","og_site_name":"Santisteban &amp; Asociados","article_modified_time":"2016-05-25T15:24:46+00:00","og_image":[{"url":"http:\/\/santistebanasociados.com\/web\/wp-content\/uploads\/2016\/05\/seguros-300x200.jpg"}],"twitter_card":"summary_large_image","schema":{"@context":"https:\/\/schema.org","@graph":[{"@type":"WebPage","@id":"https:\/\/santistebanasociados.com\/web\/derecho-de-los-seguros\/","url":"https:\/\/santistebanasociados.com\/web\/derecho-de-los-seguros\/","name":"Derecho de los Seguros - Santisteban &amp; Asociados","isPartOf":{"@id":"https:\/\/santistebanasociados.com\/web\/#website"},"datePublished":"2016-05-20T17:04:20+00:00","dateModified":"2016-05-25T15:24:46+00:00","breadcrumb":{"@id":"https:\/\/santistebanasociados.com\/web\/derecho-de-los-seguros\/#breadcrumb"},"inLanguage":"es-ES","potentialAction":[{"@type":"ReadAction","target":["https:\/\/santistebanasociados.com\/web\/derecho-de-los-seguros\/"]}]},{"@type":"BreadcrumbList","@id":"https:\/\/santistebanasociados.com\/web\/derecho-de-los-seguros\/#breadcrumb","itemListElement":[{"@type":"ListItem","position":1,"name":"Portada","item":"https:\/\/santistebanasociados.com\/web\/"},{"@type":"ListItem","position":2,"name":"Derecho de los Seguros"}]},{"@type":"WebSite","@id":"https:\/\/santistebanasociados.com\/web\/#website","url":"https:\/\/santistebanasociados.com\/web\/","name":"Santisteban &amp; Asociados","description":"Servicios Legales Corporativos","potentialAction":[{"@type":"SearchAction","target":{"@type":"EntryPoint","urlTemplate":"https:\/\/santistebanasociados.com\/web\/?s={search_term_string}"},"query-input":"required name=search_term_string"}],"inLanguage":"es-ES"}]}},"_links":{"self":[{"href":"https:\/\/santistebanasociados.com\/web\/wp-json\/wp\/v2\/pages\/4134","targetHints":{"allow":["GET"]}}],"collection":[{"href":"https:\/\/santistebanasociados.com\/web\/wp-json\/wp\/v2\/pages"}],"about":[{"href":"https:\/\/santistebanasociados.com\/web\/wp-json\/wp\/v2\/types\/page"}],"author":[{"embeddable":true,"href":"https:\/\/santistebanasociados.com\/web\/wp-json\/wp\/v2\/users\/1"}],"replies":[{"embeddable":true,"href":"https:\/\/santistebanasociados.com\/web\/wp-json\/wp\/v2\/comments?post=4134"}],"version-history":[{"count":5,"href":"https:\/\/santistebanasociados.com\/web\/wp-json\/wp\/v2\/pages\/4134\/revisions"}],"predecessor-version":[{"id":4145,"href":"https:\/\/santistebanasociados.com\/web\/wp-json\/wp\/v2\/pages\/4134\/revisions\/4145"}],"wp:attachment":[{"href":"https:\/\/santistebanasociados.com\/web\/wp-json\/wp\/v2\/media?parent=4134"}],"curies":[{"name":"wp","href":"https:\/\/api.w.org\/{rel}","templated":true}]}}