{"id":4147,"date":"2016-05-25T10:53:09","date_gmt":"2016-05-25T15:53:09","guid":{"rendered":"http:\/\/santistebanasociados.com\/web\/?page_id=4147"},"modified":"2016-06-14T10:05:23","modified_gmt":"2016-06-14T15:05:23","slug":"cambiario","status":"publish","type":"page","link":"https:\/\/santistebanasociados.com\/web\/cambiario\/","title":{"rendered":"Cambiario"},"content":{"rendered":"<p>[vc_row][vc_column css=&#8221;.vc_custom_1464192800380{padding-right: 30px !important;}&#8221;][vc_column_text]<\/p>\n<p style=\"text-align: justify;\"><a href=\"http:\/\/santistebanasociados.com\/web\/wp-content\/uploads\/2016\/05\/shutterstock_363115415.jpg\"><img loading=\"lazy\" decoding=\"async\" class=\"wp-image-4476 size-medium alignleft\" src=\"http:\/\/santistebanasociados.com\/web\/wp-content\/uploads\/2016\/05\/shutterstock_363115415-300x300.jpg\" width=\"300\" height=\"300\" srcset=\"https:\/\/santistebanasociados.com\/web\/wp-content\/uploads\/2016\/05\/shutterstock_363115415-300x300.jpg 300w, https:\/\/santistebanasociados.com\/web\/wp-content\/uploads\/2016\/05\/shutterstock_363115415-150x150.jpg 150w, https:\/\/santistebanasociados.com\/web\/wp-content\/uploads\/2016\/05\/shutterstock_363115415-600x600.jpg 600w, https:\/\/santistebanasociados.com\/web\/wp-content\/uploads\/2016\/05\/shutterstock_363115415-560x560.jpg 560w, https:\/\/santistebanasociados.com\/web\/wp-content\/uploads\/2016\/05\/shutterstock_363115415-367x367.jpg 367w, https:\/\/santistebanasociados.com\/web\/wp-content\/uploads\/2016\/05\/shutterstock_363115415-450x450.jpg 450w, https:\/\/santistebanasociados.com\/web\/wp-content\/uploads\/2016\/05\/shutterstock_363115415-85x85.jpg 85w, https:\/\/santistebanasociados.com\/web\/wp-content\/uploads\/2016\/05\/shutterstock_363115415-50x50.jpg 50w, https:\/\/santistebanasociados.com\/web\/wp-content\/uploads\/2016\/05\/shutterstock_363115415.jpg 669w\" sizes=\"auto, (max-width: 300px) 100vw, 300px\" \/><\/a>Ofrecemos asesor\u00eda en derecho cambiario en el campo del comercio exterior.<\/p>\n<p style=\"text-align: justify;\">Asesoramos sus operaciones con divisas, brindando orientaci\u00f3n acerca de la forma en que deben realizarse las operaciones de obligatoria canalizaci\u00f3n y ofreciendo claridad sobre las operaciones de mercado libre, administraci\u00f3n de cuentas corrientes de compensaci\u00f3n, operaciones con derivados, sint\u00e9ticos y estructurados.<\/p>\n<p style=\"text-align: justify;\">Representamos y asesoramos a nuestros clientes en tr\u00e1mites dante el Banco de la Rep\u00fablica, la Direcci\u00f3n de Impuestos y Aduanas Nacionales, la Superintendencia de sociedades y la Superintendencia Financiera.<\/p>\n<p style=\"text-align: justify;\">Recomendamos pr\u00e1cticas id\u00f3neas en derecho cambiario para la estructuraci\u00f3n y ejecuci\u00f3n de operaciones financieras internacionales.<\/p>\n<p>[\/vc_column_text][\/vc_column][\/vc_row]<\/p>\n","protected":false},"excerpt":{"rendered":"<p>[vc_row][vc_column css=&#8221;.vc_custom_1464192800380{padding-right: 30px !important;}&#8221;][vc_column_text] Ofrecemos asesor\u00eda en derecho cambiario en el campo del comercio exterior. Asesoramos sus operaciones con divisas, brindando orientaci\u00f3n acerca de la forma en que deben realizarse las operaciones de obligatoria canalizaci\u00f3n y ofreciendo claridad sobre las operaciones de mercado libre, administraci\u00f3n de cuentas corrientes de compensaci\u00f3n, operaciones con derivados, sint\u00e9ticos y [&hellip;]<\/p>\n","protected":false},"author":1,"featured_media":0,"parent":0,"menu_order":0,"comment_status":"closed","ping_status":"closed","template":"","meta":{"footnotes":""},"class_list":["post-4147","page","type-page","status-publish","hentry"],"yoast_head":"<!-- This site is optimized with the Yoast SEO plugin v22.1 - https:\/\/yoast.com\/wordpress\/plugins\/seo\/ -->\n<title>Cambiario - Santisteban &amp; Asociados<\/title>\n<meta name=\"robots\" content=\"noindex, follow, max-snippet:-1, max-image-preview:large, max-video-preview:-1\" \/>\n<meta property=\"og:locale\" content=\"es_ES\" \/>\n<meta property=\"og:type\" content=\"article\" \/>\n<meta property=\"og:title\" content=\"Cambiario - Santisteban &amp; Asociados\" \/>\n<meta property=\"og:description\" content=\"[vc_row][vc_column css=&#8221;.vc_custom_1464192800380{padding-right: 30px !important;}&#8221;][vc_column_text] Ofrecemos asesor\u00eda en derecho cambiario en el campo del comercio exterior. Asesoramos sus operaciones con divisas, brindando orientaci\u00f3n acerca de la forma en que deben realizarse las operaciones de obligatoria canalizaci\u00f3n y ofreciendo claridad sobre las operaciones de mercado libre, administraci\u00f3n de cuentas corrientes de compensaci\u00f3n, operaciones con derivados, sint\u00e9ticos y [&hellip;]\" \/>\n<meta property=\"og:url\" content=\"https:\/\/santistebanasociados.com\/web\/cambiario\/\" \/>\n<meta property=\"og:site_name\" content=\"Santisteban &amp; Asociados\" \/>\n<meta property=\"article:modified_time\" content=\"2016-06-14T15:05:23+00:00\" \/>\n<meta property=\"og:image\" content=\"http:\/\/santistebanasociados.com\/web\/wp-content\/uploads\/2016\/05\/shutterstock_363115415-300x300.jpg\" \/>\n<meta name=\"twitter:card\" content=\"summary_large_image\" \/>\n<meta name=\"twitter:label1\" content=\"Est. reading time\" \/>\n\t<meta name=\"twitter:data1\" content=\"1 minute\" \/>\n<script type=\"application\/ld+json\" class=\"yoast-schema-graph\">{\"@context\":\"https:\/\/schema.org\",\"@graph\":[{\"@type\":\"WebPage\",\"@id\":\"https:\/\/santistebanasociados.com\/web\/cambiario\/\",\"url\":\"https:\/\/santistebanasociados.com\/web\/cambiario\/\",\"name\":\"Cambiario - Santisteban &amp; Asociados\",\"isPartOf\":{\"@id\":\"https:\/\/santistebanasociados.com\/web\/#website\"},\"datePublished\":\"2016-05-25T15:53:09+00:00\",\"dateModified\":\"2016-06-14T15:05:23+00:00\",\"breadcrumb\":{\"@id\":\"https:\/\/santistebanasociados.com\/web\/cambiario\/#breadcrumb\"},\"inLanguage\":\"es-ES\",\"potentialAction\":[{\"@type\":\"ReadAction\",\"target\":[\"https:\/\/santistebanasociados.com\/web\/cambiario\/\"]}]},{\"@type\":\"BreadcrumbList\",\"@id\":\"https:\/\/santistebanasociados.com\/web\/cambiario\/#breadcrumb\",\"itemListElement\":[{\"@type\":\"ListItem\",\"position\":1,\"name\":\"Portada\",\"item\":\"https:\/\/santistebanasociados.com\/web\/\"},{\"@type\":\"ListItem\",\"position\":2,\"name\":\"Cambiario\"}]},{\"@type\":\"WebSite\",\"@id\":\"https:\/\/santistebanasociados.com\/web\/#website\",\"url\":\"https:\/\/santistebanasociados.com\/web\/\",\"name\":\"Santisteban &amp; Asociados\",\"description\":\"Servicios Legales Corporativos\",\"potentialAction\":[{\"@type\":\"SearchAction\",\"target\":{\"@type\":\"EntryPoint\",\"urlTemplate\":\"https:\/\/santistebanasociados.com\/web\/?s={search_term_string}\"},\"query-input\":\"required name=search_term_string\"}],\"inLanguage\":\"es-ES\"}]}<\/script>\n<!-- \/ Yoast SEO plugin. -->","yoast_head_json":{"title":"Cambiario - Santisteban &amp; Asociados","robots":{"index":"noindex","follow":"follow","max-snippet":"max-snippet:-1","max-image-preview":"max-image-preview:large","max-video-preview":"max-video-preview:-1"},"og_locale":"es_ES","og_type":"article","og_title":"Cambiario - Santisteban &amp; Asociados","og_description":"[vc_row][vc_column css=&#8221;.vc_custom_1464192800380{padding-right: 30px !important;}&#8221;][vc_column_text] Ofrecemos asesor\u00eda en derecho cambiario en el campo del comercio exterior. Asesoramos sus operaciones con divisas, brindando orientaci\u00f3n acerca de la forma en que deben realizarse las operaciones de obligatoria canalizaci\u00f3n y ofreciendo claridad sobre las operaciones de mercado libre, administraci\u00f3n de cuentas corrientes de compensaci\u00f3n, operaciones con derivados, sint\u00e9ticos y [&hellip;]","og_url":"https:\/\/santistebanasociados.com\/web\/cambiario\/","og_site_name":"Santisteban &amp; Asociados","article_modified_time":"2016-06-14T15:05:23+00:00","og_image":[{"url":"http:\/\/santistebanasociados.com\/web\/wp-content\/uploads\/2016\/05\/shutterstock_363115415-300x300.jpg"}],"twitter_card":"summary_large_image","twitter_misc":{"Est. reading time":"1 minute"},"schema":{"@context":"https:\/\/schema.org","@graph":[{"@type":"WebPage","@id":"https:\/\/santistebanasociados.com\/web\/cambiario\/","url":"https:\/\/santistebanasociados.com\/web\/cambiario\/","name":"Cambiario - Santisteban &amp; Asociados","isPartOf":{"@id":"https:\/\/santistebanasociados.com\/web\/#website"},"datePublished":"2016-05-25T15:53:09+00:00","dateModified":"2016-06-14T15:05:23+00:00","breadcrumb":{"@id":"https:\/\/santistebanasociados.com\/web\/cambiario\/#breadcrumb"},"inLanguage":"es-ES","potentialAction":[{"@type":"ReadAction","target":["https:\/\/santistebanasociados.com\/web\/cambiario\/"]}]},{"@type":"BreadcrumbList","@id":"https:\/\/santistebanasociados.com\/web\/cambiario\/#breadcrumb","itemListElement":[{"@type":"ListItem","position":1,"name":"Portada","item":"https:\/\/santistebanasociados.com\/web\/"},{"@type":"ListItem","position":2,"name":"Cambiario"}]},{"@type":"WebSite","@id":"https:\/\/santistebanasociados.com\/web\/#website","url":"https:\/\/santistebanasociados.com\/web\/","name":"Santisteban &amp; Asociados","description":"Servicios Legales Corporativos","potentialAction":[{"@type":"SearchAction","target":{"@type":"EntryPoint","urlTemplate":"https:\/\/santistebanasociados.com\/web\/?s={search_term_string}"},"query-input":"required name=search_term_string"}],"inLanguage":"es-ES"}]}},"_links":{"self":[{"href":"https:\/\/santistebanasociados.com\/web\/wp-json\/wp\/v2\/pages\/4147","targetHints":{"allow":["GET"]}}],"collection":[{"href":"https:\/\/santistebanasociados.com\/web\/wp-json\/wp\/v2\/pages"}],"about":[{"href":"https:\/\/santistebanasociados.com\/web\/wp-json\/wp\/v2\/types\/page"}],"author":[{"embeddable":true,"href":"https:\/\/santistebanasociados.com\/web\/wp-json\/wp\/v2\/users\/1"}],"replies":[{"embeddable":true,"href":"https:\/\/santistebanasociados.com\/web\/wp-json\/wp\/v2\/comments?post=4147"}],"version-history":[{"count":6,"href":"https:\/\/santistebanasociados.com\/web\/wp-json\/wp\/v2\/pages\/4147\/revisions"}],"predecessor-version":[{"id":4478,"href":"https:\/\/santistebanasociados.com\/web\/wp-json\/wp\/v2\/pages\/4147\/revisions\/4478"}],"wp:attachment":[{"href":"https:\/\/santistebanasociados.com\/web\/wp-json\/wp\/v2\/media?parent=4147"}],"curies":[{"name":"wp","href":"https:\/\/api.w.org\/{rel}","templated":true}]}}