{"id":4161,"date":"2016-05-25T11:24:59","date_gmt":"2016-05-25T16:24:59","guid":{"rendered":"http:\/\/santistebanasociados.com\/web\/?page_id=4161"},"modified":"2016-06-02T12:49:20","modified_gmt":"2016-06-02T17:49:20","slug":"derecho-laboral-y-de-la-seguridad-social","status":"publish","type":"page","link":"https:\/\/santistebanasociados.com\/web\/derecho-laboral-y-de-la-seguridad-social\/","title":{"rendered":"Derecho Laboral y de la Seguridad Social"},"content":{"rendered":"<p>[vc_row css=&#8221;.vc_custom_1464195284551{padding-right: 30px !important;}&#8221;][vc_column][vc_column_text]<\/p>\n<p style=\"text-align: justify;\"><a href=\"http:\/\/santistebanasociados.com\/web\/wp-content\/uploads\/2016\/05\/shutterstock_191690348.jpg\"><img loading=\"lazy\" decoding=\"async\" class=\"wp-image-4350 size-medium alignleft\" src=\"http:\/\/santistebanasociados.com\/web\/wp-content\/uploads\/2016\/05\/shutterstock_191690348-300x300.jpg\" width=\"300\" height=\"300\" srcset=\"https:\/\/santistebanasociados.com\/web\/wp-content\/uploads\/2016\/05\/shutterstock_191690348-300x300.jpg 300w, https:\/\/santistebanasociados.com\/web\/wp-content\/uploads\/2016\/05\/shutterstock_191690348-150x150.jpg 150w, https:\/\/santistebanasociados.com\/web\/wp-content\/uploads\/2016\/05\/shutterstock_191690348-768x768.jpg 768w, https:\/\/santistebanasociados.com\/web\/wp-content\/uploads\/2016\/05\/shutterstock_191690348-600x600.jpg 600w, https:\/\/santistebanasociados.com\/web\/wp-content\/uploads\/2016\/05\/shutterstock_191690348-560x560.jpg 560w, https:\/\/santistebanasociados.com\/web\/wp-content\/uploads\/2016\/05\/shutterstock_191690348-367x367.jpg 367w, https:\/\/santistebanasociados.com\/web\/wp-content\/uploads\/2016\/05\/shutterstock_191690348-450x450.jpg 450w, https:\/\/santistebanasociados.com\/web\/wp-content\/uploads\/2016\/05\/shutterstock_191690348-85x85.jpg 85w, https:\/\/santistebanasociados.com\/web\/wp-content\/uploads\/2016\/05\/shutterstock_191690348-50x50.jpg 50w, https:\/\/santistebanasociados.com\/web\/wp-content\/uploads\/2016\/05\/shutterstock_191690348.jpg 846w\" sizes=\"auto, (max-width: 300px) 100vw, 300px\" \/><\/a>Nuestra Asesor\u00eda en Laboral y Seguridad Social comprende servicios de consultor\u00eda legal y asesor\u00eda jur\u00eddica integral al trabajador, empleador y contratista en la legislaci\u00f3n y jurisdicci\u00f3n Colombiana, as\u00ed como en la legislaci\u00f3n y jurisdicci\u00f3n de otros pa\u00edses.<\/p>\n<p style=\"text-align: justify;\">Ofrecemos a nuestros clientes alternativas de vinculaci\u00f3n que se ajusten a sus necesidades corporativas, dise\u00f1ando y elaborando contratos a la medida, reglamentos internos de trabajo, esquemas de remuneraci\u00f3n, dise\u00f1o de pol\u00edticas laborales. Acompa\u00f1amos desde la perspectiva legal procesos de restructuraci\u00f3n o reorganizaci\u00f3n interna, despidos grupales o negociaciones laborales y gesti\u00f3n de recurso humano.<\/p>\n<p>Representaci\u00f3n judicial o extrajudicial en materia laboral y de seguridad social o soluci\u00f3n alternativa de conflictos laborales ante las autoridades administrativas laborales.[\/vc_column_text][\/vc_column][\/vc_row]<\/p>\n","protected":false},"excerpt":{"rendered":"<p>[vc_row css=&#8221;.vc_custom_1464195284551{padding-right: 30px !important;}&#8221;][vc_column][vc_column_text] Nuestra Asesor\u00eda en Laboral y Seguridad Social comprende servicios de consultor\u00eda legal y asesor\u00eda jur\u00eddica integral al trabajador, empleador y contratista en la legislaci\u00f3n y jurisdicci\u00f3n Colombiana, as\u00ed como en la legislaci\u00f3n y jurisdicci\u00f3n de otros pa\u00edses. Ofrecemos a nuestros clientes alternativas de vinculaci\u00f3n que se ajusten a sus necesidades corporativas, [&hellip;]<\/p>\n","protected":false},"author":1,"featured_media":0,"parent":0,"menu_order":0,"comment_status":"closed","ping_status":"closed","template":"","meta":{"footnotes":""},"class_list":["post-4161","page","type-page","status-publish","hentry"],"yoast_head":"<!-- This site is optimized with the Yoast SEO plugin v22.1 - https:\/\/yoast.com\/wordpress\/plugins\/seo\/ -->\n<title>Derecho Laboral y de la Seguridad Social - Santisteban &amp; Asociados<\/title>\n<meta name=\"robots\" content=\"noindex, follow, max-snippet:-1, max-image-preview:large, max-video-preview:-1\" \/>\n<meta property=\"og:locale\" content=\"es_ES\" \/>\n<meta property=\"og:type\" content=\"article\" \/>\n<meta property=\"og:title\" content=\"Derecho Laboral y de la Seguridad Social - Santisteban &amp; Asociados\" \/>\n<meta property=\"og:description\" content=\"[vc_row css=&#8221;.vc_custom_1464195284551{padding-right: 30px !important;}&#8221;][vc_column][vc_column_text] Nuestra Asesor\u00eda en Laboral y Seguridad Social comprende servicios de consultor\u00eda legal y asesor\u00eda jur\u00eddica integral al trabajador, empleador y contratista en la legislaci\u00f3n y jurisdicci\u00f3n Colombiana, as\u00ed como en la legislaci\u00f3n y jurisdicci\u00f3n de otros pa\u00edses. Ofrecemos a nuestros clientes alternativas de vinculaci\u00f3n que se ajusten a sus necesidades corporativas, [&hellip;]\" \/>\n<meta property=\"og:url\" content=\"https:\/\/santistebanasociados.com\/web\/derecho-laboral-y-de-la-seguridad-social\/\" \/>\n<meta property=\"og:site_name\" content=\"Santisteban &amp; Asociados\" \/>\n<meta property=\"article:modified_time\" content=\"2016-06-02T17:49:20+00:00\" \/>\n<meta property=\"og:image\" content=\"http:\/\/santistebanasociados.com\/web\/wp-content\/uploads\/2016\/05\/shutterstock_191690348-300x300.jpg\" \/>\n<meta name=\"twitter:card\" content=\"summary_large_image\" \/>\n<meta name=\"twitter:label1\" content=\"Est. reading time\" \/>\n\t<meta name=\"twitter:data1\" content=\"1 minute\" \/>\n<script type=\"application\/ld+json\" class=\"yoast-schema-graph\">{\"@context\":\"https:\/\/schema.org\",\"@graph\":[{\"@type\":\"WebPage\",\"@id\":\"https:\/\/santistebanasociados.com\/web\/derecho-laboral-y-de-la-seguridad-social\/\",\"url\":\"https:\/\/santistebanasociados.com\/web\/derecho-laboral-y-de-la-seguridad-social\/\",\"name\":\"Derecho Laboral y de la Seguridad Social - Santisteban &amp; Asociados\",\"isPartOf\":{\"@id\":\"https:\/\/santistebanasociados.com\/web\/#website\"},\"datePublished\":\"2016-05-25T16:24:59+00:00\",\"dateModified\":\"2016-06-02T17:49:20+00:00\",\"breadcrumb\":{\"@id\":\"https:\/\/santistebanasociados.com\/web\/derecho-laboral-y-de-la-seguridad-social\/#breadcrumb\"},\"inLanguage\":\"es-ES\",\"potentialAction\":[{\"@type\":\"ReadAction\",\"target\":[\"https:\/\/santistebanasociados.com\/web\/derecho-laboral-y-de-la-seguridad-social\/\"]}]},{\"@type\":\"BreadcrumbList\",\"@id\":\"https:\/\/santistebanasociados.com\/web\/derecho-laboral-y-de-la-seguridad-social\/#breadcrumb\",\"itemListElement\":[{\"@type\":\"ListItem\",\"position\":1,\"name\":\"Portada\",\"item\":\"https:\/\/santistebanasociados.com\/web\/\"},{\"@type\":\"ListItem\",\"position\":2,\"name\":\"Derecho Laboral y de la Seguridad Social\"}]},{\"@type\":\"WebSite\",\"@id\":\"https:\/\/santistebanasociados.com\/web\/#website\",\"url\":\"https:\/\/santistebanasociados.com\/web\/\",\"name\":\"Santisteban &amp; Asociados\",\"description\":\"Servicios Legales Corporativos\",\"potentialAction\":[{\"@type\":\"SearchAction\",\"target\":{\"@type\":\"EntryPoint\",\"urlTemplate\":\"https:\/\/santistebanasociados.com\/web\/?s={search_term_string}\"},\"query-input\":\"required name=search_term_string\"}],\"inLanguage\":\"es-ES\"}]}<\/script>\n<!-- \/ Yoast SEO plugin. -->","yoast_head_json":{"title":"Derecho Laboral y de la Seguridad Social - Santisteban &amp; Asociados","robots":{"index":"noindex","follow":"follow","max-snippet":"max-snippet:-1","max-image-preview":"max-image-preview:large","max-video-preview":"max-video-preview:-1"},"og_locale":"es_ES","og_type":"article","og_title":"Derecho Laboral y de la Seguridad Social - Santisteban &amp; Asociados","og_description":"[vc_row css=&#8221;.vc_custom_1464195284551{padding-right: 30px !important;}&#8221;][vc_column][vc_column_text] Nuestra Asesor\u00eda en Laboral y Seguridad Social comprende servicios de consultor\u00eda legal y asesor\u00eda jur\u00eddica integral al trabajador, empleador y contratista en la legislaci\u00f3n y jurisdicci\u00f3n Colombiana, as\u00ed como en la legislaci\u00f3n y jurisdicci\u00f3n de otros pa\u00edses. Ofrecemos a nuestros clientes alternativas de vinculaci\u00f3n que se ajusten a sus necesidades corporativas, [&hellip;]","og_url":"https:\/\/santistebanasociados.com\/web\/derecho-laboral-y-de-la-seguridad-social\/","og_site_name":"Santisteban &amp; Asociados","article_modified_time":"2016-06-02T17:49:20+00:00","og_image":[{"url":"http:\/\/santistebanasociados.com\/web\/wp-content\/uploads\/2016\/05\/shutterstock_191690348-300x300.jpg"}],"twitter_card":"summary_large_image","twitter_misc":{"Est. reading time":"1 minute"},"schema":{"@context":"https:\/\/schema.org","@graph":[{"@type":"WebPage","@id":"https:\/\/santistebanasociados.com\/web\/derecho-laboral-y-de-la-seguridad-social\/","url":"https:\/\/santistebanasociados.com\/web\/derecho-laboral-y-de-la-seguridad-social\/","name":"Derecho Laboral y de la Seguridad Social - Santisteban &amp; Asociados","isPartOf":{"@id":"https:\/\/santistebanasociados.com\/web\/#website"},"datePublished":"2016-05-25T16:24:59+00:00","dateModified":"2016-06-02T17:49:20+00:00","breadcrumb":{"@id":"https:\/\/santistebanasociados.com\/web\/derecho-laboral-y-de-la-seguridad-social\/#breadcrumb"},"inLanguage":"es-ES","potentialAction":[{"@type":"ReadAction","target":["https:\/\/santistebanasociados.com\/web\/derecho-laboral-y-de-la-seguridad-social\/"]}]},{"@type":"BreadcrumbList","@id":"https:\/\/santistebanasociados.com\/web\/derecho-laboral-y-de-la-seguridad-social\/#breadcrumb","itemListElement":[{"@type":"ListItem","position":1,"name":"Portada","item":"https:\/\/santistebanasociados.com\/web\/"},{"@type":"ListItem","position":2,"name":"Derecho Laboral y de la Seguridad Social"}]},{"@type":"WebSite","@id":"https:\/\/santistebanasociados.com\/web\/#website","url":"https:\/\/santistebanasociados.com\/web\/","name":"Santisteban &amp; Asociados","description":"Servicios Legales Corporativos","potentialAction":[{"@type":"SearchAction","target":{"@type":"EntryPoint","urlTemplate":"https:\/\/santistebanasociados.com\/web\/?s={search_term_string}"},"query-input":"required name=search_term_string"}],"inLanguage":"es-ES"}]}},"_links":{"self":[{"href":"https:\/\/santistebanasociados.com\/web\/wp-json\/wp\/v2\/pages\/4161","targetHints":{"allow":["GET"]}}],"collection":[{"href":"https:\/\/santistebanasociados.com\/web\/wp-json\/wp\/v2\/pages"}],"about":[{"href":"https:\/\/santistebanasociados.com\/web\/wp-json\/wp\/v2\/types\/page"}],"author":[{"embeddable":true,"href":"https:\/\/santistebanasociados.com\/web\/wp-json\/wp\/v2\/users\/1"}],"replies":[{"embeddable":true,"href":"https:\/\/santistebanasociados.com\/web\/wp-json\/wp\/v2\/comments?post=4161"}],"version-history":[{"count":4,"href":"https:\/\/santistebanasociados.com\/web\/wp-json\/wp\/v2\/pages\/4161\/revisions"}],"predecessor-version":[{"id":4352,"href":"https:\/\/santistebanasociados.com\/web\/wp-json\/wp\/v2\/pages\/4161\/revisions\/4352"}],"wp:attachment":[{"href":"https:\/\/santistebanasociados.com\/web\/wp-json\/wp\/v2\/media?parent=4161"}],"curies":[{"name":"wp","href":"https:\/\/api.w.org\/{rel}","templated":true}]}}